{"id":129,"date":"2017-01-12T15:09:25","date_gmt":"2017-01-12T14:09:25","guid":{"rendered":"http:\/\/demonax.gacrux.uberspace.de\/wordpress\/?page_id=129"},"modified":"2026-03-23T20:50:50","modified_gmt":"2026-03-23T19:50:50","slug":"kinderbuecher","status":"publish","type":"page","link":"https:\/\/www.katharinabendixen.de\/wordpress\/kinderbuecher\/","title":{"rendered":"Kinderbuch"},"content":{"rendered":"<h2>Zorro, der Mops \u2013 Abenteuer im Bammelwald<\/h2>\n<p><img loading=\"lazy\" decoding=\"async\" class=\"alignleft size-medium wp-image-132\" src=\"http:\/\/demonax.gacrux.uberspace.de\/wordpress\/wp-content\/uploads\/2017\/01\/cover-zorro-band-1-213x300.jpg\" alt=\"\" width=\"213\" height=\"300\" srcset=\"https:\/\/www.katharinabendixen.de\/wordpress\/wp-content\/uploads\/2017\/01\/cover-zorro-band-1-213x300.jpg 213w, https:\/\/www.katharinabendixen.de\/wordpress\/wp-content\/uploads\/2017\/01\/cover-zorro-band-1.jpg 354w\" sizes=\"auto, (max-width: 213px) 85vw, 213px\" \/>Loewe 2017<\/p>\n<p>Zorro, der Mops, w\u00fcrde seinem heldenhaften Namen nur zu gern alle Ehre machen, doch bislang hat er noch nie ein richtiges Abenteuer erlebt. Umso aufgeregter ist er, als in seinem Heimatort Bummelhausen gleich mehrere Diebst\u00e4hle f\u00fcr Unruhe unter den tierischen Bewohnern sorgen. Sofort macht sich Zorro mit Unterst\u00fctzung seiner erfinderischen Freundin Hamsterine auf die Suche nach dem Dieb. Die Spuren f\u00fchren tief in den d\u00fcsteren Bammelwald, wo ein vielk\u00f6pfiges Ungeheuer sein Unwesen treibt. Ganz sch\u00f6n unheimlich, aber ein echter Mops kennt keine Angst!<\/p>\n<h2>Zorro, der Mops \u2013 Der Held vom Sommersee<\/h2>\n<p><img loading=\"lazy\" decoding=\"async\" class=\"size-medium wp-image-163 alignleft\" src=\"http:\/\/www.katharinabendixen.de\/wordpress\/wp-content\/uploads\/2017\/01\/51eWhptco9L-212x300.jpg\" alt=\"\" width=\"213\" height=\"300\" \/>Loewe 2017<\/p>\n<p>Der n\u00e4chste Fall l\u00e4sst nicht lange auf sich warten: Zorros Nachbar Bernhardinowitsch ist verschwunden. Der kleine Mops macht sich nat\u00fcrlich sofort auf die Suche. Und alle anderen Tiere machen sich auf die Suche nach Zorro! Als dann pl\u00f6tzlich heftiges Regenwetter den Bummelwald unter Wasser setzt, muss Zorro ein weiteres Mal zum Helden werden. Kann er seine Freunde mit Hilfe von Hamsterine und Jasper dem Waschb\u00e4ren retten?<\/p>\n<h2>Zorro, der Mops \u2013 Die geheime Schatzinsel<\/h2>\n<p><img loading=\"lazy\" decoding=\"async\" class=\"alignleft size-medium wp-image-173\" src=\"http:\/\/www.katharinabendixen.de\/wordpress\/wp-content\/uploads\/2018\/03\/8574-213x300.jpg\" alt=\"\" width=\"213\" height=\"300\" srcset=\"https:\/\/www.katharinabendixen.de\/wordpress\/wp-content\/uploads\/2018\/03\/8574-213x300.jpg 213w, https:\/\/www.katharinabendixen.de\/wordpress\/wp-content\/uploads\/2018\/03\/8574.jpg 459w\" sizes=\"auto, (max-width: 213px) 85vw, 213px\" \/>Loewe 2018<\/p>\n<p>Schon wieder Aufregung in Bummelhausen: Zorro bekommt Post von seiner Mopsfamilie, die sich auf Schatzsuche begibt. Da darf er nat\u00fcrlich nicht fehlen! Zusammen mit Hamsterine sticht der kleine Mops in See. Doch im Meer lauern viele Gefahren, und auch in der Schatzkammer wartet eine \u00dcberraschung auf die beiden Freunde \u2026 Wird Zorro gemeinsam mit Hamsterine den Schatz finden?<\/p>\n","protected":false},"excerpt":{"rendered":"<p>Zorro, der Mops \u2013 Abenteuer im Bammelwald Loewe 2017 Zorro, der Mops, w\u00fcrde seinem heldenhaften Namen nur zu gern alle Ehre machen, doch bislang hat er noch nie ein richtiges Abenteuer erlebt. Umso aufgeregter ist er, als in seinem Heimatort Bummelhausen gleich mehrere Diebst\u00e4hle f\u00fcr Unruhe unter den tierischen Bewohnern sorgen. Sofort macht sich Zorro &hellip; <a href=\"https:\/\/www.katharinabendixen.de\/wordpress\/kinderbuecher\/\" class=\"more-link\"><span class=\"screen-reader-text\">&#8222;Kinderbuch&#8220; <\/span>weiterlesen<\/a><\/p>\n","protected":false},"author":1,"featured_media":0,"parent":0,"menu_order":0,"comment_status":"closed","ping_status":"closed","template":"","meta":{"footnotes":""},"class_list":["post-129","page","type-page","status-publish","hentry"],"_links":{"self":[{"href":"https:\/\/www.katharinabendixen.de\/wordpress\/wp-json\/wp\/v2\/pages\/129","targetHints":{"allow":["GET"]}}],"collection":[{"href":"https:\/\/www.katharinabendixen.de\/wordpress\/wp-json\/wp\/v2\/pages"}],"about":[{"href":"https:\/\/www.katharinabendixen.de\/wordpress\/wp-json\/wp\/v2\/types\/page"}],"author":[{"embeddable":true,"href":"https:\/\/www.katharinabendixen.de\/wordpress\/wp-json\/wp\/v2\/users\/1"}],"replies":[{"embeddable":true,"href":"https:\/\/www.katharinabendixen.de\/wordpress\/wp-json\/wp\/v2\/comments?post=129"}],"version-history":[{"count":48,"href":"https:\/\/www.katharinabendixen.de\/wordpress\/wp-json\/wp\/v2\/pages\/129\/revisions"}],"predecessor-version":[{"id":498,"href":"https:\/\/www.katharinabendixen.de\/wordpress\/wp-json\/wp\/v2\/pages\/129\/revisions\/498"}],"wp:attachment":[{"href":"https:\/\/www.katharinabendixen.de\/wordpress\/wp-json\/wp\/v2\/media?parent=129"}],"curies":[{"name":"wp","href":"https:\/\/api.w.org\/{rel}","templated":true}]}}